 -4*c. Let n(m) = m**3 + 2*m**2 - 9*m + 8. Let j(h) = 2*h**3 + 5*h**2 - 19*h + 17. Let p(i) = k*n(i) - 6*j(i). Give p(5).
12
Let a(r) = -3*r**3 + 26*r**2 - 21*r + 38. Let x be a(8). Let d(h) be the third derivative of -h**6/120 - h**5/20 + h**4/12 + h**3/2 + 2*h**2. Determine d(x).
-5
Let x(f) = -5*f. Let k(o) = 6*o. Let t(p) = 6*k(p) + 7*x(p). Let c be (-3)/7 - 190/(-35). Suppose -c*w = -2*i + 4 + 5, -2*w + 2 = 0. Give t(i).
7
Suppose 4*k - 24 = 3*h - 2*h, 0 = -2*h + 8. Let a(z) be the third derivative of z**5/60 - 7*z**4/24 + z**3/3 + 533*z**2. Calculate a(k).
2
Suppose 2 = 2*a - 0*a. Suppose -10*u + 14*u = 8. Let f(q) = -q - 10*q**3 - 2*q**u + 1 + q**2 + 0. Calculate f(a).
-11
Suppose 5*j = 26*j + 42. Let z(k) = -k**3 - 2*k**2 + k. Give z(j).
-2
Suppose -28*o - 350 + 126 = 0. Let s(n) = n**3 + 8*n**2 - n + 10. Calculate s(o).
18
Let d(g) = g + 3*g - g + g. Let b(v) = -2*v**3 + 8*v**2 + 37*v + 39. Let r be b(7). Give d(r).
16
Let a(y) = 2*y - 1. Let s(n) = 5*n - 2. Let f(d) = 7*a(d) - 3*s(d). Let p be (140/105)/((-16)/(-12) + -2). What is f(p)?
1
Let m(f) = -2*f + 1. Let d(w) = -28*w + 36. Let u(j) = 2*d(j) - 22*m(j). Calculate u(4).
2
Let o(d) be the first derivative of -d**3/3 + 3*d**2 + 2*d - 5. Let g(c) = 4*c + 1. Let u be g(1). Give o(u).
7
Suppose 12*t + 62 = -22. Let f(j) = 8*j**2 + 2*j**3 + 0*j + 8*j - j**3 + 6. What is f(t)?
-1
Let f(o) = -o**3 - 2*o**2. Let y(g) = -3*g**3 + 11*g**2 - 13*g - 11. Let k(b) = 2*f(b) - y(b). What is k(14)?
-3
Let q = -139 + 143. Let g(j) = j**3 - 3*j**2 - 1. What is g(q)?
15
Suppose -5*h + 4*d + 25 = -d, -13 = -5*h + d. Suppose h*f + 3 = -15. Let t(u) = -u**3 - 10*u**2 - 10*u + 1. Determine t(f).
10
Let c = 766 - 776. Let w(n) = n**3 + 11*n**2 + 10*n + 4. Determine w(c).
4
Suppose 4*q + 18 = 3*q. Let a = q - -15. Let s(b) = -b**3 - 3*b**2 + 2*b + 3. Calculate s(a).
-3
Let q be 6/(-9)*(-13 + 4). Let g(r) = 2*r**2 - 13*r. What is g(q)?
-6
Suppose -10 + 0 = -2*y. Let d(l) = -y*l - l + 6 + 4*l. Let h be 72/15 + (-9)/(-45). Calculate d(h).
-4
Let n(b) = -2*b + 1. Let g be 4/(-24)*3*-4. Suppose -g*l = 1 - 3. Let t be (-1)/(l + 2/(-4)). Calculate n(t).
5
Suppose 12 = 4*t, 0 = -5*p + 3*t + 8 + 33. Let k(b) = -8*b + 13. Calculate k(p).
-67
Let n(f) = -2*f - 13. Let x(o) = -o**3 + 22*o**2 + 25*o - 56. Let k be x(23). Give n(k).
7
Let u(t) = -2*t**3 - t**2 + 2*t - 1. Let o be u(1). Let b(z) = 144*z - 1 + 5*z**2 - 76*z - 67*z + z**3. Determine b(o).
9
Let j = 323 - 339. Let r(z) = z**2 + 15*z - 18. Give r(j).
-2
Suppose -33 = 4*r - 5*n, -10*r - 15 = -5*r - n. Let j(t) = -4298 + 4298 - 2*t. Determine j(r).
4
Suppose 5*c = 4*j + 76, -3*j - 72 = 4*c - 9*c. Let i be 3/((-18)/35) - 2/c. Let s(n) = -n**2 - 5*n + 6. What is s(i)?
0
Suppose 151*y = 126*y + 25. Let q(l) = 0 - 3*l**2 - 11*l**2 + 1. Calculate q(y).
-13
Let l(c) = 3*c**2 + c. Let y(z) = -20*z**2 - 12*z - 1. Let f(w) = -6*l(w) - y(w). Determine f(-3).
1
Let v(q) = 116*q**2 + 47*q**2 + 1 - 162*q**2. Suppose o + 2*n = -1, 16 - 3 = -o - 5*n. Let g(x) = x**2 - 7*x. Let r be g(o). Determine v(r).
1
Let u(w) = -2*w + 1. Suppose 4*c - 20 = 3*n - 0, 0 = 4*c - 20. Calculate u(n).
1
Let p be (1*-1)/(3 + -2). Let h(w) = -3*w - 15*w**2 + 2*w + 0*w**2 + 2*w**2 - w**2. What is h(p)?
-13
Let m(b) = 4 - 2 - b**2 - 8 - 4 - 9*b. Let q(x) = -x**3 + 8*x**2 + 5. Let d be q(8). Let n(r) = r**2 - 6*r - 3. Let u be n(d). Calculate m(u).
-2
Let f(q) be the second derivative of q**3/6 + 5*q**2 + 6*q + 5. Let x be -1*(-2 - -2)/(-3). What is f(x)?
10
Let h be (14/(-4) - -1)*-2. Suppose 6 + 15 = h*d - w, 4*w + 4 = 0. Let g = 3 + d. Let u(p) = -p**3 + 8*p**2 - 7*p - 3. Determine u(g).
-3
Let z be 1 - (-3)/(0 - -3). Let q(a) = a**2 + 8*a - 3. Let i(n) = -n**2 - 2*n**2 + n**2 - 30*n + 7*n + 9. Let o(r) = -4*i(r) - 11*q(r). Calculate o(z).
-7
Let s be 3/(-15) - (-22)/10. Suppose -6 = -s*k - 0*k. Let l(o) = -o**3 - 5*o - 6*o**2 + 0*o + 0*o**k. Give l(-5).
0
Suppose -27 = -49*d + 58*d. Let m(t) be the second derivative of -t**3/2 + t. What is m(d)?
9
Let p(v) = -4*v**2 - 1. Suppose -108 = -4*u - 4*g - 96, 4*u + 5*g = 16. What is p(u)?
-5
Let u(q) = -14 - 8 + 53 - 10 - 11 - q. What is u(12)?
-2
Let x(u) = 0*u - 2*u - 1 + u - 4*u. Suppose 4*a - 9 = -5*o, -2*a - 3*o = -7*o + 2. What is x(a)?
-6
Let g(d) = 7*d - 25. Let o be g(4). Let m(f) = 3*f - 14. Let l be m(o). Let v(k) = k**2 + 6*k + 4. Give v(l).
-1
Let m(k) = k**2 + k + 8. Let c be m(-3). Let z(x) = 8*x - x**2 - 7 - 4 + 7*x. Let h be z(c). Let n(q) = q**2 - 4*q + 1. Give n(h).
-2
Let a(p) = 2*p**2 - 7*p - 6. Let c(q) = 2*q - 6. Let g be c(4). Let u(y) = -y - y**g - 13 + 2*y + 14. Let w(s) = -a(s) - 6*u(s). Calculate w(-1).
3
Let w(n) = 7*n + 3. Suppose -x - 4*i - 12 = 0, 35*x = 32*x + 5*i + 15. Calculate w(x).
3
Let f = -21 - -24. Suppose 8 = f*i - 1. Suppose 3*o = i + 6. Let d(j) = -3*j**2 + 4*j - 1. What is d(o)?
-16
Let t = 39 + -33. Let x(s) = -2*s**3 - 17 + 11 + 7*s + 3*s**3 - 7*s**2. Determine x(t).
0
Suppose 5*x - 3*x + 10 = -2*k, 4*k = -20. Suppose 7*o - 10 + 52 = x. Let h(g) = g**3 + 5*g**2 - 7*g - 2. What is h(o)?
4
Let g(s) = 1958 - 1958 + 8*s**2 + 9*s + s**3. Determine g(-7).
-14
Let w(d) be the first derivative of d**3/3 - 6*d**2 + 8*d - 695. What is w(10)?
-12
Let p(m) = m - 2. Suppose -5*v = 3*n + 25, 0 = v + v - 4*n - 16. Determine p(v).
-4
Suppose 0 = -p - 4*z - 28, -15*p - 10 = -14*p + z. Let b(t) = 0 - 2*t**3 + 2*t**2 - 5 + 3*t**3 - 7*t. Determine b(p).
-9
Suppose -7 = -q + 3*d, -2*d = 5*q - 9*q - 12. Let y(c) = -c**2 - 12*c + 7. Give y(q).
42
Let p(n) = -n**3 + 20*n**2 - 32*n - 80. Let t be p(18). Let f(i) = i**3 + 7*i**2 - 5*i - 5. Determine f(t).
-29
Suppose 5*d - d = 28. Let a(v) = 6*v + 21. Let t(h) = 64 - 3*h + 8*h - 45. Let i(s) = 6*a(s) - 7*t(s). Determine i(d).
0
Let o(g) be the first derivative of 1/3*g**3 + g**2 - 3*g + 9. Calculate o(-3).
0
Let j(d) = -d**3 + 4*d**2 + 2*d - 3. Suppose -8*v = -6*v - 6. Let i be 26/6 - 1/v. Suppose -2*b - 4 = 2, -2*p = 4*b + i. What is j(p)?
5
Let z(a) = a**3 + 5*a**2 + 3*a + 2. Let v(m) = -2*m**3 + 37*m**2 - 19*m + 13. Let w be v(18). What is z(w)?
-13
Let n = -8 - -11. Let f(p) be the third derivative of -5/24*p**4 - 4*p**2 + 1/30*p**5 + 0 + 2/3*p**3 + 0*p. What is f(n)?
7
Suppose -6*x = -10*x - 124. Let i = -37 - x. Let o(z) = z**3 + 7*z**2 + 6*z - 3. Give o(i).
-3
Suppose -4*j = 5*h + 5, 3*j - h + 15 = -3. Let a(o) be the third derivative of -o**5/60 - 5*o**4/24 - 2*o**3/3 + 2*o**2. Give a(j).
-4
Let d(q) = -2*q**2 + 11*q - 16. Let n(t) = -3*t**2 + 12*t - 17. Let r(p) = 4*d(p) - 3*n(p). Suppose -5*j + 11*j + 54 = 0. Give r(j).
-4
Let y be (5/(-2))/(-11 - (-117)/12). Let d(k) be the first derivative of -4*k + 1/3*k**3 + 3/2*k**y + 3. What is d(-3)?
-4
Suppose 69 = -264*x + 241*x. Let c(m) = -2*m**2 + 2. Give c(x).
-16
Let p(i) = -i**2 - 7*i - 12. Let z(j) = 12*j**2 + 75*j + 14. Let k be z(-6). Determine p(k).
0
Let i(r) = 3*r - 1. Suppose -6*o - 51 = 9. Calculate i(o).
-31
Let j(s) = -s**3 - 4*s**2 - s - 3. Suppose 8*q - v = 12*q - 31, -1 = v. Suppose 2*i = f - q - 3, 3*i + 18 = 2*f. Determine j(i).
1
Let g(c) = 3*c - 3. Let q be g(2). Let r(p) be the third derivative of p**4/8 + p**2 + 99*p. Give r(q).
9
Let t = -26 - -28. Let l(v) = -v**t + 6*v + 3 + 4 + 0. What is l(5)?
12
Suppose -2*m = 2*v - 14, 0*m - 11 = m - 5*v. Let j(w) = 11*w**2 - w + 1 + 0*w + 2*w - m*w**2. Suppose 3*o - 4 = -7. Calculate j(o).
7
Suppose 2*o + 3 = -y, -o - 3*y + 3 = -3. Let k = -2 - -4. Let p(z) = 2 - 3*z**k - 2*z + 2*z**3 + z + 5*z**2 - z**3. Calculate p(o).
-4
Let l be (-5)/5 + -3 - 0. Let o(n) be the first derivative of n**3/3 + 3*n**2/2 + n - 4. Give o(l).
5
Suppose -t + 5 = 2*c - 6*c, 5*c = -4*t - 22. Let u(i) = i. Give u(t).
-3
Let w(y) = -78*y**2 + 2 - 73*y**2 + 150*y**2 + 5*y. Calculate w(7).
-12
Suppose 0 = -b + 3*b + 8. Let s(y) = -9*y - 8. Let i(a) = -a**2 - 7*a - 7. Let t be i(-6). Let u(o) = -2*o - 1. Let j(p) = t*s(p) + 2*u(p). What is j(b)?
-14
Let t(c) = 9*c**3 + 11*c**2 - 25*c + 9. Let p(q) = 2*q**3 - 2*q + 1. Let j(v) = 5*p(v) - t(v). Give j(10).
46
Let g(x) = -x**3 + 6*x**2 + 2*x - 7. Let h(l) = 22*l - 4. Let q = 32 + -38. Let b be h(q). Let o be b/(-20) - 4/5. What is g(o)?
5
Let c(l) = -9 - 72*l - 5 + 60*l - 3*l**2 + 2*l**2. Suppose 3*k + 2*m + 20 = 4*m, -4*k + m = 35. Let 